{"id":2045,"date":"2025-11-04T11:42:53","date_gmt":"2025-11-04T10:42:53","guid":{"rendered":"https:\/\/gemaeldegalerie.dessau-rosslau.de\/?page_id=2045"},"modified":"2026-03-20T16:42:30","modified_gmt":"2026-03-20T15:42:30","slug":"sonderausstellung-4","status":"publish","type":"page","link":"http:\/\/gemaeldegalerie.dessau-rosslau.de\/?page_id=2045","title":{"rendered":"Sonderausstellung"},"content":{"rendered":"\t\t<div data-elementor-type=\"wp-page\" data-elementor-id=\"2045\" class=\"elementor elementor-2045\" data-elementor-post-type=\"page\">\n\t\t\t\t\t\t\t<div class=\"elementor-element elementor-element-b66e25b e-flex e-con-boxed e-con e-parent\" data-id=\"b66e25b\" data-element_type=\"container\" data-settings=\"{&quot;content_width&quot;:&quot;boxed&quot;}\" data-core-v316-plus=\"true\">\n\t\t\t\t\t<div class=\"e-con-inner\">\n\t\t\t\t<div class=\"elementor-element elementor-element-193cf51 elementor-pagination-position-inside elementor-arrows-position-inside elementor-widget elementor-widget-image-carousel\" data-id=\"193cf51\" data-element_type=\"widget\" data-settings=\"{&quot;slides_to_show&quot;:&quot;1&quot;,&quot;speed&quot;:1000,&quot;navigation&quot;:&quot;both&quot;,&quot;autoplay&quot;:&quot;yes&quot;,&quot;pause_on_hover&quot;:&quot;yes&quot;,&quot;pause_on_interaction&quot;:&quot;yes&quot;,&quot;autoplay_speed&quot;:5000,&quot;infinite&quot;:&quot;yes&quot;,&quot;effect&quot;:&quot;slide&quot;}\" data-widget_type=\"image-carousel.default\">\n\t\t\t\t<div class=\"elementor-widget-container\">\n\t\t\t<style>\/*! elementor - v3.17.0 - 08-11-2023 *\/\n.elementor-widget-image-carousel .swiper,.elementor-widget-image-carousel .swiper-container{position:static}.elementor-widget-image-carousel .swiper-container .swiper-slide figure,.elementor-widget-image-carousel .swiper .swiper-slide figure{line-height:inherit}.elementor-widget-image-carousel .swiper-slide{text-align:center}.elementor-image-carousel-wrapper:not(.swiper-container-initialized):not(.swiper-initialized) .swiper-slide{max-width:calc(100% \/ var(--e-image-carousel-slides-to-show, 3))}<\/style>\t\t<div class=\"elementor-image-carousel-wrapper swiper\" dir=\"ltr\">\n\t\t\t<div class=\"elementor-image-carousel swiper-wrapper\" aria-live=\"off\">\n\t\t\t\t\t\t\t\t<div class=\"swiper-slide\" role=\"group\" aria-roledescription=\"slide\" aria-label=\"1 von 7\"><figure class=\"swiper-slide-inner\"><img decoding=\"async\" class=\"swiper-slide-image\" src=\"http:\/\/gemaeldegalerie.dessau-rosslau.de\/wp-content\/uploads\/2025\/11\/Provenienz_Aelst.jpg\" alt=\"W. van Aelst: Stillleben\" \/><figcaption class=\"elementor-image-carousel-caption\">W. van Aelst: Stillleben<\/figcaption><\/figure><\/div><div class=\"swiper-slide\" role=\"group\" aria-roledescription=\"slide\" aria-label=\"2 von 7\"><figure class=\"swiper-slide-inner\"><img decoding=\"async\" class=\"swiper-slide-image\" src=\"http:\/\/gemaeldegalerie.dessau-rosslau.de\/wp-content\/uploads\/2025\/12\/9-Website.jpg\" alt=\"L. Cranach d.\u00c4.: Heilige Familie mit Engeln (Detail)\" \/><figcaption class=\"elementor-image-carousel-caption\">L. Cranach d.\u00c4.: Heilige Familie mit Engeln (Detail)<\/figcaption><\/figure><\/div><div class=\"swiper-slide\" role=\"group\" aria-roledescription=\"slide\" aria-label=\"3 von 7\"><figure class=\"swiper-slide-inner\"><img decoding=\"async\" class=\"swiper-slide-image\" src=\"http:\/\/gemaeldegalerie.dessau-rosslau.de\/wp-content\/uploads\/2025\/12\/538LR-Homepage.jpg\" alt=\"A. Hanneman: Johann Georg von Anhalt-Dessau, 1666\" \/><figcaption class=\"elementor-image-carousel-caption\">A. Hanneman: Johann Georg von Anhalt-Dessau, 1666<\/figcaption><\/figure><\/div><div class=\"swiper-slide\" role=\"group\" aria-roledescription=\"slide\" aria-label=\"4 von 7\"><figure class=\"swiper-slide-inner\"><img decoding=\"async\" class=\"swiper-slide-image\" src=\"http:\/\/gemaeldegalerie.dessau-rosslau.de\/wp-content\/uploads\/2024\/12\/577-Corot.jpg\" alt=\"Camille Corot: Palatin, 1826\" \/><figcaption class=\"elementor-image-carousel-caption\">Camille Corot: Palatin, 1826<\/figcaption><\/figure><\/div><div class=\"swiper-slide\" role=\"group\" aria-roledescription=\"slide\" aria-label=\"5 von 7\"><figure class=\"swiper-slide-inner\"><img decoding=\"async\" class=\"swiper-slide-image\" src=\"http:\/\/gemaeldegalerie.dessau-rosslau.de\/wp-content\/uploads\/2024\/12\/728-TB-Frieder.jpg\" alt=\"J.F.A. Tischbein: Friederike von Preu\u00dfen, 1797\" \/><figcaption class=\"elementor-image-carousel-caption\">J.F.A. Tischbein: Friederike von Preu\u00dfen, 1797<\/figcaption><\/figure><\/div><div class=\"swiper-slide\" role=\"group\" aria-roledescription=\"slide\" aria-label=\"6 von 7\"><figure class=\"swiper-slide-inner\"><img decoding=\"async\" class=\"swiper-slide-image\" src=\"http:\/\/gemaeldegalerie.dessau-rosslau.de\/wp-content\/uploads\/2024\/08\/SliderG4.jpg\" alt=\"J.Ph. Hackert: Villa Albani\" \/><figcaption class=\"elementor-image-carousel-caption\">J.Ph. Hackert: Villa Albani<\/figcaption><\/figure><\/div><div class=\"swiper-slide\" role=\"group\" aria-roledescription=\"slide\" aria-label=\"7 von 7\"><figure class=\"swiper-slide-inner\"><img decoding=\"async\" class=\"swiper-slide-image\" src=\"http:\/\/gemaeldegalerie.dessau-rosslau.de\/wp-content\/uploads\/2024\/12\/239-Krueger.jpg\" alt=\"F. Kr\u00fcger: Justizrat Bennewitz\" \/><figcaption class=\"elementor-image-carousel-caption\">F. Kr\u00fcger: Justizrat Bennewitz<\/figcaption><\/figure><\/div>\t\t\t<\/div>\n\t\t\t\t\t\t\t\t\t\t\t\t<div class=\"elementor-swiper-button elementor-swiper-button-prev\" role=\"button\" tabindex=\"0\">\n\t\t\t\t\t\t<i aria-hidden=\"true\" class=\"eicon-chevron-left\"><\/i>\t\t\t\t\t<\/div>\n\t\t\t\t\t<div class=\"elementor-swiper-button elementor-swiper-button-next\" role=\"button\" tabindex=\"0\">\n\t\t\t\t\t\t<i aria-hidden=\"true\" class=\"eicon-chevron-right\"><\/i>\t\t\t\t\t<\/div>\n\t\t\t\t\n\t\t\t\t\t\t\t\t\t<div class=\"swiper-pagination\"><\/div>\n\t\t\t\t\t\t\t\t\t<\/div>\n\t\t\t\t<\/div>\n\t\t\t\t<\/div>\n\t\t\t\t\t<\/div>\n\t\t\t\t<\/div>\n\t\t<div class=\"elementor-element elementor-element-8ca037a e-flex e-con-boxed e-con e-parent\" data-id=\"8ca037a\" data-element_type=\"container\" data-settings=\"{&quot;content_width&quot;:&quot;boxed&quot;}\" data-core-v316-plus=\"true\">\n\t\t\t\t\t<div class=\"e-con-inner\">\n\t\t\t\t<div class=\"elementor-element elementor-element-fd72f60 elementor-widget elementor-widget-heading\" data-id=\"fd72f60\" data-element_type=\"widget\" data-widget_type=\"heading.default\">\n\t\t\t\t<div class=\"elementor-widget-container\">\n\t\t\t<style>\/*! elementor - v3.17.0 - 08-11-2023 *\/\n.elementor-heading-title{padding:0;margin:0;line-height:1}.elementor-widget-heading .elementor-heading-title[class*=elementor-size-]>a{color:inherit;font-size:inherit;line-height:inherit}.elementor-widget-heading .elementor-heading-title.elementor-size-small{font-size:15px}.elementor-widget-heading .elementor-heading-title.elementor-size-medium{font-size:19px}.elementor-widget-heading .elementor-heading-title.elementor-size-large{font-size:29px}.elementor-widget-heading .elementor-heading-title.elementor-size-xl{font-size:39px}.elementor-widget-heading .elementor-heading-title.elementor-size-xxl{font-size:59px}<\/style><h2 class=\"elementor-heading-title elementor-size-default\">SAMMLUNGS\n(GE)SCHICHTEN\n<\/h2>\t\t<\/div>\n\t\t\t\t<\/div>\n\t\t\t\t<div class=\"elementor-element elementor-element-0542d4e elementor-widget elementor-widget-text-editor\" data-id=\"0542d4e\" data-element_type=\"widget\" data-widget_type=\"text-editor.default\">\n\t\t\t\t<div class=\"elementor-widget-container\">\n\t\t\t<style>\/*! elementor - v3.17.0 - 08-11-2023 *\/\n.elementor-widget-text-editor.elementor-drop-cap-view-stacked .elementor-drop-cap{background-color:#69727d;color:#fff}.elementor-widget-text-editor.elementor-drop-cap-view-framed .elementor-drop-cap{color:#69727d;border:3px solid;background-color:transparent}.elementor-widget-text-editor:not(.elementor-drop-cap-view-default) .elementor-drop-cap{margin-top:8px}.elementor-widget-text-editor:not(.elementor-drop-cap-view-default) .elementor-drop-cap-letter{width:1em;height:1em}.elementor-widget-text-editor .elementor-drop-cap{float:left;text-align:center;line-height:1;font-size:50px}.elementor-widget-text-editor .elementor-drop-cap-letter{display:inline-block}<\/style>\t\t\t\t<div id=\"meta-origin\" data-coolorigin=\"https%3A%2F%2Fowncloud.dessau.de%2Fapps%2Frichdocumentscode%2Fproxy.php%3Freq%3D%2Fcool%2Fclipboard%3FWOPISrc%3Dhttps%253A%252F%252Fowncloud.dessau.de%252Findex.php%252Fapps%252Frichdocuments%252Fwopi%252Ffiles%252F9161582_ocywxdu5rqb0%26ServerId%3D5053aeff%26ViewId%3D4%26Tag%3D845f36d9956c60f5\"><p>3.12.2025 bis 2.3.2026<\/p><p>t\u00e4glich 10 &#8211; 18 Uhr<br \/>Dienstag geschlossen, an Feiertagen ge\u00f6ffnet<\/p><p><span style=\"font-size: large;\"><b>Von Barock bis Bauhaus. <\/b><\/span><span style=\"font-size: large;\"><b>Die Anhaltische Gem\u00e4ldegalerie beleuchtet ihre Sammlungsgeschichte<\/b><\/span><\/p><p>Die Anhaltische Gem\u00e4ldegalerie Dessau ist ein Museum, das durch die Verbindung mehrerer weit \u00e4lterer Sammlungen entstanden ist. Meist zeugen sie von den k\u00fcnstlerischen Interessen verschiedener Angeh\u00f6riger der Dynastie der Askanier, die bis 1918 im Herzogtum Anhalt regierte. Durch eine Heiratsverbindung mit der Familie der Oranier gelangten viele Gem\u00e4lde des niederl\u00e4ndischen \u201eGoldenen Zeitalters\u201c in den mitteldeutschen Kleinstaat. Im Winter 2025\/26 gibt die Anhaltische Gem\u00e4ldegalerie einen Einblick in ihre Sammlungsgeschichte und damit auch in die Geschichten rund um die Sammlungen und Sammlerpers\u00f6nlichkeiten, denen sie ihre kostbaren Best\u00e4nde von Mittelalter bis Moderne zu verdanken hat.<\/p><p><a name=\"_GoBack\"><\/a>Dabei geraten nicht nur die Zeiten f\u00fcrstlicher Kunstleidenschaft, sondern auch das von politischen Umbr\u00fcchen gepr\u00e4gte 20. Jahrhundert in den Blick. Die Gem\u00e4ldegalerie hatte eine enge Verbindung zum Bauhaus in Dessau und war ma\u00dfgeblich von der Nazi-Aktion \u201eEntartete Kunst\u201c betroffen. Sie verlor Werke durch Diebst\u00e4hle w\u00e4hrend der Kriegsauslagerung und wuchs durch beschlagnahmte Kunstwerke w\u00e4hrend der sogenannten Bodenreform in der Sowjetischen Besatzungszone. Wieweit in der Nazi-Zeit verfolgungsbedingt entzogene Werke in den Sammlungen zu finden sind, untersucht seit 2023 ein vom Deutschen Zentrum Kulturgutverluste gef\u00f6rdertes Forschungsprojekt. Teil der Pr\u00e4sentation der Forschungsergebnisse ist die Schau \u201eSammlungs(ge)schichten\u201c, welche bis zum 2. M\u00e4rz 2026 in der Orangerie im Georgium zu sehen ist.<\/p><p>Weitere Ausstellungen des Jahres 2026 \u2013 sowohl in der Orangerie als auch im Schloss Georgium \u2013 werden im Zeichen des Jubil\u00e4ums \u201eBauhaus Dessau 100\u201c stehen. Sie befassen sich unter anderem mit dem Bauhaussch\u00fcler Fritz Winter (1905-1976) und dem ehemaligen Direktor der Gem\u00e4ldegalerie Ludwig Grote (1893-1974). Grote war ma\u00dfgeblich an der Ansiedlung des Bauhauses in Dessau beteiligt und beeinflusste auch sp\u00e4ter als Generaldirektor des Germanischen Nationalmuseums die Erinnerung an diese Kunstschule der Moderne.<\/p><p>Die Provenienzrecherchen und die Pr\u00e4sentation \u201eSammlungs(ge)schichten\u201c werden gef\u00f6rdert von:<\/p><p><img decoding=\"async\" class=\"alignnone size-medium wp-image-1092\" src=\"http:\/\/gemaeldegalerie.dessau-rosslau.de\/wp-content\/uploads\/2024\/10\/DZK_Logo_farbe_RGB-300x98.png\" alt=\"\" width=\"300\" height=\"98\" srcset=\"http:\/\/gemaeldegalerie.dessau-rosslau.de\/wp-content\/uploads\/2024\/10\/DZK_Logo_farbe_RGB-300x98.png 300w, http:\/\/gemaeldegalerie.dessau-rosslau.de\/wp-content\/uploads\/2024\/10\/DZK_Logo_farbe_RGB-768x251.png 768w, http:\/\/gemaeldegalerie.dessau-rosslau.de\/wp-content\/uploads\/2024\/10\/DZK_Logo_farbe_RGB.png 845w\" sizes=\"(max-width: 300px) 100vw, 300px\" \/><\/p><\/div>\t\t\t\t\t\t<\/div>\n\t\t\t\t<\/div>\n\t\t\t\t\t<\/div>\n\t\t\t\t<\/div>\n\t\t\t\t\t\t\t<\/div>\n\t\t","protected":false},"excerpt":{"rendered":"<p>W. van Aelst: Stillleben L. Cranach d.\u00c4.: Heilige Familie mit Engeln (Detail) A. Hanneman: Johann Georg von Anhalt-Dessau, 1666 Camille Corot: Palatin, 1826 J.F.A. Tischbein: Friederike von Preu\u00dfen, 1797 J.Ph. Hackert: Villa Albani F. Kr\u00fcger: Justizrat Bennewitz SAMMLUNGS (GE)SCHICHTEN 3.12.2025 bis 2.3.2026 t\u00e4glich 10 &#8211; 18 UhrDienstag geschlossen, an Feiertagen ge\u00f6ffnet Von Barock bis Bauhaus. [&hellip;]<\/p>\n","protected":false},"author":1,"featured_media":0,"parent":0,"menu_order":0,"comment_status":"closed","ping_status":"closed","template":"","meta":{"footnotes":""},"class_list":["post-2045","page","type-page","status-publish","hentry"],"_links":{"self":[{"href":"http:\/\/gemaeldegalerie.dessau-rosslau.de\/index.php?rest_route=\/wp\/v2\/pages\/2045","targetHints":{"allow":["GET"]}}],"collection":[{"href":"http:\/\/gemaeldegalerie.dessau-rosslau.de\/index.php?rest_route=\/wp\/v2\/pages"}],"about":[{"href":"http:\/\/gemaeldegalerie.dessau-rosslau.de\/index.php?rest_route=\/wp\/v2\/types\/page"}],"author":[{"embeddable":true,"href":"http:\/\/gemaeldegalerie.dessau-rosslau.de\/index.php?rest_route=\/wp\/v2\/users\/1"}],"replies":[{"embeddable":true,"href":"http:\/\/gemaeldegalerie.dessau-rosslau.de\/index.php?rest_route=%2Fwp%2Fv2%2Fcomments&post=2045"}],"version-history":[{"count":51,"href":"http:\/\/gemaeldegalerie.dessau-rosslau.de\/index.php?rest_route=\/wp\/v2\/pages\/2045\/revisions"}],"predecessor-version":[{"id":2341,"href":"http:\/\/gemaeldegalerie.dessau-rosslau.de\/index.php?rest_route=\/wp\/v2\/pages\/2045\/revisions\/2341"}],"wp:attachment":[{"href":"http:\/\/gemaeldegalerie.dessau-rosslau.de\/index.php?rest_route=%2Fwp%2Fv2%2Fmedia&parent=2045"}],"curies":[{"name":"wp","href":"https:\/\/api.w.org\/{rel}","templated":true}]}}